{"id":139,"date":"2025-10-17T22:04:54","date_gmt":"2025-10-17T22:04:54","guid":{"rendered":"https:\/\/tivitify.com\/?post_type=product&#038;p=139"},"modified":"2025-10-18T20:39:48","modified_gmt":"2025-10-18T20:39:48","slug":"makine-sektoru-myk-belgeleri","status":"publish","type":"product","link":"https:\/\/tivitify.com\/?product=makine-sektoru-myk-belgeleri","title":{"rendered":"Makine Sekt\u00f6r\u00fc MYK Belgeleri"},"content":{"rendered":"<div class=\"real3dflipbook\" id=\"0_69fc90ae07c76\" style=\"position:absolute;\"><\/div>\n","protected":false},"excerpt":{"rendered":"<p>CNC Programc\u0131s\u0131, Frezeci, Makine Bak\u0131mc\u0131s\u0131 MYK Belgeleri<\/p>\n","protected":false},"featured_media":143,"comment_status":"open","ping_status":"closed","template":"","meta":[],"product_brand":[],"product_cat":[17],"product_tag":[],"class_list":{"0":"post-139","1":"product","2":"type-product","3":"status-publish","4":"has-post-thumbnail","6":"product_cat-myk-belgeleri","7":"pa_belge-cnc-programcisi","8":"pa_belge-frezeci","9":"pa_belge-makine-bakimcisi","11":"first","12":"instock","13":"taxable","14":"shipping-taxable","15":"purchasable","16":"product-type-variable"},"_links":{"self":[{"href":"https:\/\/tivitify.com\/index.php?rest_route=\/wp\/v2\/product\/139","targetHints":{"allow":["GET"]}}],"collection":[{"href":"https:\/\/tivitify.com\/index.php?rest_route=\/wp\/v2\/product"}],"about":[{"href":"https:\/\/tivitify.com\/index.php?rest_route=\/wp\/v2\/types\/product"}],"replies":[{"embeddable":true,"href":"https:\/\/tivitify.com\/index.php?rest_route=%2Fwp%2Fv2%2Fcomments&post=139"}],"wp:featuredmedia":[{"embeddable":true,"href":"https:\/\/tivitify.com\/index.php?rest_route=\/wp\/v2\/media\/143"}],"wp:attachment":[{"href":"https:\/\/tivitify.com\/index.php?rest_route=%2Fwp%2Fv2%2Fmedia&parent=139"}],"wp:term":[{"taxonomy":"product_brand","embeddable":true,"href":"https:\/\/tivitify.com\/index.php?rest_route=%2Fwp%2Fv2%2Fproduct_brand&post=139"},{"taxonomy":"product_cat","embeddable":true,"href":"https:\/\/tivitify.com\/index.php?rest_route=%2Fwp%2Fv2%2Fproduct_cat&post=139"},{"taxonomy":"product_tag","embeddable":true,"href":"https:\/\/tivitify.com\/index.php?rest_route=%2Fwp%2Fv2%2Fproduct_tag&post=139"}],"curies":[{"name":"wp","href":"https:\/\/api.w.org\/{rel}","templated":true}]}}